 d?
7
What is the thousands digit of (-19227520)/(-2240) + 4/(-42)*-3?
8
What is the tens digit of ((-117)/10)/(30/(-200))?
7
Let x(g) = -g**3 + 201*g**2 - 335*g + 558. What is the ten thousands digit of x(198)?
5
Let d(c) = 5*c**2 - 25*c + 6. Let i be d(5). Suppose 39 = -5*o - i. Let x = 22 + o. What is the units digit of x?
3
Let b(n) be the third derivative of 5*n**4/8 - n**3/3 + n**2 + 31*n. What is the hundreds digit of b(13)?
1
Suppose 12 - 2 = 5*r. Suppose r*w - 7 = -1. What is the units digit of w/9 - (-346)/6?
8
Let j be -10*(-12)/(-15)*10/(-4). What is the tens digit of (j/15)/((-6)/(-315))?
7
What is the hundreds digit of ((114/(-4))/19)/(3/33460*-2)?
3
What is the units digit of (708/(-15))/(14/21*3/(-575))?
0
Let w = -6382 + 18692. What is the thousands digit of w?
2
Suppose -5*n + 2555 = -5*d, 4*d - 5*d - 2035 = -4*n. Suppose -1270 = -5*v - p, -5*p + 7*p - n = -2*v. What is the units digit of v?
4
Suppose -f - 2*f + 2438 = -4*k, -3*k - 1825 = -4*f. Let u = k - -1260. What is the tens digit of u?
4
Suppose -5*i = r - 35749, -39*i + 41*i - 4*r - 14304 = 0. What is the thousands digit of i?
7
Suppose -22*n + 63*n - 201042 = 24*n. What is the thousands digit of n?
1
Let s = 1847 - 401. Let u = s - 620. What is the hundreds digit of u?
8
Let s(a) = 2*a + 34. Let f be s(-16). Suppose h - 5*k - 8 = 0, -4*h - 16 + 4 = f*k. What is the units digit of (h + 0)*(-6 + 25/10)?
7
Let n = 1623 - 200. Let m = n + -977. What is the hundreds digit of m?
4
Suppose -7122*d = -7143*d + 310842. What is the units digit of d?
2
Let g(m) = -m**3 - m**2 - m - 2. Let s(t) = t**3 + 4*t**2 - 5*t - 5. Let w(j) = 2*g(j) - 2*s(j). Suppose 0 = 5*o + 12 + 13. What is the tens digit of w(o)?
1
Suppose 3*k - 2*k = -h + 12, -3*k - 2*h = -32. Suppose -k = -u + 3*u, -5*m + 651 = -4*u. What is the tens digit of m?
2
Let s = 56 - 23. Suppose 0 = 13*t - 12*t + s. What is the tens digit of t*((-16)/(-3))/(-8)?
2
Let m(b) = -b**2 - 7*b + 11. Let s = 41 + -49. Let r be m(s). What is the units digit of (-2*(-1)/r)/((-4)/(-138))?
3
Let h(u) = -u**3 - u**2 + u + 38. Let z(v) = 72*v - 8. Let a be z(-1). Let i = 80 + a. What is the tens digit of h(i)?
3
Let o(i) = -2*i**3 - 15*i**2 - 39*i - 226. What is the units digit of o(-11)?
0
Let q(m) = -38*m - 128. Suppose -23*g - 33 - 496 = 0. What is the units digit of q(g)?
6
What is the units digit of (3 - 6/8)/(-5*(-2)/49480)?
3
Let q(k) = -k - 34. Let y be q(-39). Suppose 0*w - w + 1466 = y*p, -3*w + 3*p = -4416. What is the thousands digit of w?
1
Let b(k) = 391*k**2 - 86*k + 588. What is the tens digit of b(7)?
4
Suppose -c + 3*n = -50831, -4*c + 4*n = -33559 - 169789. What is the ten thousands digit of c?
5
Suppose 40*j = 3*z + 39*j - 122170, 5*z = 2*j + 203618. What is the tens digit of z?
2
What is the hundreds digit of (-3656)/(-6)*((-13)/(-24)*30 + 7)?
1
Let o(n) = 3*n**2 + 39*n + 51. Suppose 181 = 4*d + 273. What is the units digit of o(d)?
1
Suppose 7*z - 4*z = 5*o + 1350, o = -2*z + 900. What is the units digit of z?
0
Let x(r) = -29*r**3 - 7*r**2 + 165*r + 1361. What is the ten thousands digit of x(-8)?
1
Suppose 42*h - 2035 = 31*h. Suppose 0 = 3*k + 3*u - 477, 437 = 5*k + 4*u - 362. Suppose 6*g - h - k = 0. What is the units digit of g?
8
Let n = -8262 - -21663. What is the units digit of n?
1
Suppose 3*u - 5*v + 3*v - 25 = 0, -3*u - 5*v + 53 = 0. Let i(q) = 12*q + 44. What is the hundreds digit of i(u)?
1
Let y be (-1108)/(-2) - (4 - 5). Suppose 2 = v, 0*n + 3*v = n + 3. Suppose -2*h + 5*l + 370 = 6*l, 5*l + y = n*h. What is the hundreds digit of h?
1
Let x(g) = g**3 + 95*g**2 + 162*g - 149. What is the tens digit of x(-93)?
8
Suppose -2321 = 25*m - 396. What is the hundreds digit of (-12)/(-66) - 7840/m?
1
Let s(k) = -234*k + 12395. What is the hundreds digit of s(-72)?
2
Let j(u) = -u**3 + 3*u**2 + 7. Let g be j(4). Let r be ((12/5)/1)/(g/30). What is the tens digit of (-1*26)/2*(r - -3)?
6
Suppose h + 3343 = j + 14150, -h - 5*j + 10807 = 0. What is the thousands digit of h?
0
Let q(d) = 38*d**2 + 3*d + 1816. What is the tens digit of q(38)?
0
Let p = -18905 + 36901. What is the hundreds digit of p?
9
Suppose -4*l = 5*j - 6 - 33, -17 = -2*l - 3*j. What is the units digit of 3524/l + ((-3)/4)/3?
0
Suppose 574908 = 8*p - 80*p + 1568940. What is the hundreds digit of p?
8
Suppose -3*f + 10 = -13*f. Let v be -1*(1298 + f + 2) - -3. What is the tens digit of v/(-26) + (-6)/(-39)?
5
What is the ten thousands digit of (291205/7 - 3) + (-320)/(-1120)?
4
Suppose 0 = -151*q + 143*q + 14360 + 138680. What is the tens digit of q?
3
Let c = 67899 - 33253. What is the thousands digit of (c/51)/((-5 + 2)/(-9))?
2
What is the tens digit of (-10)/(-3)*(-72)/300 - 154018/(-10)?
0
Let j = 12838 - 7841. What is the units digit of j?
7
Let k = -56043 + 82076. What is the tens digit of k?
3
Suppose 0*r + r - 757 = 2*k, -2*r - 2*k = -1514. Suppose -2*x + 122 = -n - r, -15 = -5*n. What is the hundreds digit of x?
4
Suppose 11*c = 2 + 42. Suppose c*r + 20 = 0, -r = 5*a - 4*r - 8045. What is the tens digit of a?
0
Suppose 25 + 11 = 2*p. Let y = -18 + p. Suppose o - 86 - 20 = y. What is the tens digit of o?
0
Suppose -56*l - 210 = -14*l. Let w(x) = -13*x - 48. What is the units digit of w(l)?
7
Let z(i) = 7*i**2 - 16 + 0*i**2 + 15*i - 3 + 0*i. What is the hundreds digit of z(-7)?
2
Let o(w) = w**3 + 16*w**2 + 35*w - 38. Let m be o(-13). What is the tens digit of (m - 27/3) + (-1 - -847)?
5
Let k be 60*(5 - 154/35). Suppose -k*g = -43*g + 3297. What is the units digit of g?
1
Suppose 3*p + 6761 = 43*a - 41*a, 0 = -3*a - 2*p + 10109. What is the thousands digit of a?
3
Let l(t) = 10166*t**2 - 104*t + 103. What is the thousands digit of l(1)?
0
Suppose 1201 = 1702*h - 1703*h. Let y = h - -1818. What is the hundreds digit of y?
6
Suppose 5*z + i + 2349 - 528 = 0, 0 = z + 4*i + 349. Let a = z - -228. Let p = 340 + a. What is the units digit of p?
3
Let p = -1463 + 2470. Let u = 2245 - p. What is the hundreds digit of u?
2
Let b(t) = -874*t - 1053. What is the units digit of b(-11)?
1
Let d(m) = 10*m**2 - 5*m + 16. Let p be d(3). Let k = p - -121. What is the hundreds digit of k?
2
Suppose 5*s - 2 = 2*y, -5*y + 4 = 9. Suppose s = -5*a - 3*b - 1 - 3, 5*b + 15 = 0. What is the units digit of (a - (-229)/(-3))/((-8)/12)?
3
Let k be 24/10*(-100)/(-30). Suppose x + 4*l - 395 = 0, 3*l - 1992 = 3*x - k*x. What is the tens digit of x?
9
Suppose -75*c = -170*c + 1253050. What is the hundreds digit of c?
1
What is the tens digit of (2027796/464)/((-3)/(-4))?
2
Suppose 0*i - 3*i = 141. Let j = -33 - i. What is the units digit of 3 - 1*j*-3?
5
Let v be 78/351 + 2534/18. Suppose -v*d + 123*d = -12042. What is the units digit of d?
9
Suppose -63432 = -4*o - 4*k, 21*k = 10*o + 17*k - 158566. What is the tens digit of o?
5
Suppose x - 14 = -3*s, -x + 3*s + 0*s - 10 = 0. Let i(z) = x + 2 - 5 + 0 + 56*z. What is the tens digit of i(1)?
5
Suppose -4*p = 2*p - 18582. Suppose 6*b - p = 11. Suppose 3*m + 5*j = 201 + 102, -4*j + b = 5*m. What is the tens digit of m?
0
Let h(t) = 3*t**2 + 16*t + 12. Let g(w) = -4*w**2 - 15*w - 12. Let y(p) = -2*g(p) - 3*h(p). Let o be y(-11). What is the units digit of 20/5 + o + 1?
0
What is the hundreds digit of 11*(-13 + (-294903)/(-77))?
9
Suppose 0 = -7*y + 107 + 124. Let v = -85 + y. Let b = 78 + v. What is the tens digit of b?
2
Suppose 4*y - 47 = -3*v, -y + 0*v = v - 11. Suppose -11*i + y*i - 1161 = 0. What is the tens digit of i?
8
Suppose -2*d - 4430 = -7*d - 3*n, -3*d - 5*n = -2642. Suppose -h - 5*j + d = 0, -h + j + 195 + 664 = 0. What is the tens digit of h?
6
Let s(m) = 20*m**3 + 2*m**2 + 8*m + 3. Let w = 193 - 189. What is the tens digit of s(w)?
4
Suppose 3*d + 5*d = 40. Suppose -d*w - 5*h + 209 = -2*h, -2*h = -w + 34. Suppose -k + w = -69. What is the units digit of k?
9
Let t(l) = 16*l**2 - 20*l + 28. Let r be t(12). Let j = r - 1191. What is the units digit of j?
1
Suppose z + 3*g - 31 = 0, -2*g - 16 = z - 2*z. Let q be (0 + -2)/(z/11). What is the tens digit of (-13 + q + 0)*-2 + 2?
3
Suppose 297*p - 263*p - 117810 = 0. What is the thousands digit of p?
3
Let z(l) be the first derivative of l**4/6 + 7*l**3/6 - l**2/2 - 16*l - 19. Let b(g) be the first derivative of z(g). What is the tens digit of b(5)?
8
Let f = 87 -